igit of 145477?
1
What is the hundreds digit of 17052?
0
What is the units digit of 105419?
9
What is the thousands digit of 1603817?
3
What is the hundreds digit of 153674?
6
What is the tens digit of 4393852?
5
What is the hundreds digit of 214905?
9
What is the hundreds digit of 8232136?
1
What is the tens digit of 1592170?
7
What is the tens digit of 17254?
5
What is the hundreds digit of 1484361?
3
What is the thousands digit of 11946523?
6
What is the hundreds digit of 21859969?
9
What is the units digit of 103603?
3
What is the tens digit of 164950?
5
What is the units digit of 790975?
5
What is the hundreds digit of 374853?
8
What is the thousands digit of 433740?
3
What is the units digit of 886888?
8
What is the hundreds digit of 6101618?
6
What is the units digit of 535887?
7
What is the hundred thousands digit of 1181226?
1
What is the thousands digit of 501119?
1
What is the tens digit of 2764937?
3
What is the thousands digit of 1094074?
4
What is the thousands digit of 182456?
2
What is the ten thousands digit of 1125845?
2
What is the millions digit of 1734849?
1
What is the hundreds digit of 328988?
9
What is the tens digit of 1519503?
0
What is the units digit of 796427?
7
What is the hundreds digit of 563791?
7
What is the hundred thousands digit of 451200?
4
What is the units digit of 297377?
7
What is the tens digit of 624227?
2
What is the tens digit of 349537?
3
What is the units digit of 918634?
4
What is the hundred thousands digit of 16167008?
1
What is the ten thousands digit of 239847?
3
What is the tens digit of 132030?
3
What is the tens digit of 360360?
6
What is the ten millions digit of 15717068?
1
What is the hundreds digit of 8628902?
9
What is the units digit of 2813163?
3
What is the ten thousands digit of 830406?
3
What is the units digit of 717899?
9
What is the tens digit of 151914?
1
What is the millions digit of 5859221?
5
What is the tens digit of 9197554?
5
What is the millions digit of 2450275?
2
What is the ten thousands digit of 8317295?
1
What is the thousands digit of 1629558?
9
What is the units digit of 256381?
1
What is the thousands digit of 10747773?
7
What is the thousands digit of 86480?
6
What is the hundred thousands digit of 2082180?
0
What is the thousands digit of 634784?
4
What is the units digit of 38817?
7
What is the units digit of 4178711?
1
What is the units digit of 12962702?
2
What is the ten thousands digit of 173429?
7
What is the hundred thousands digit of 14890677?
8
What is the tens digit of 237370?
7
What is the hundred thousands digit of 945420?
9
What is the tens digit of 93010?
1
What is the thousands digit of 2595402?
5
What is the hundred thousands digit of 3067579?
0
What is the hundreds digit of 2839092?
0
What is the tens digit of 18565480?
8
What is the hundreds digit of 2806548?
5
What is the tens digit of 124601?
0
What is the hundreds digit of 1834732?
7
What is the hundreds digit of 11917360?
3
What is the tens digit of 276024?
2
What is the hundred thousands digit of 213388?
2
What is the ten thousands digit of 370441?
7
What is the hundreds digit of 1074013?
0
What is the ten thousands digit of 9573848?
7
What is the tens digit of 372478?
7
What is the millions digit of 20434700?
0
What is the tens digit of 96686?
8
What is the units digit of 749111?
1
What is the ten thousands digit of 719784?
1
What is the thousands digit of 24153?
4
What is the tens digit of 275209?
0
What is the units digit of 3628527?
7
What is the units digit of 1757216?
6
What is the millions digit of 31003534?
1
What is the ten thousands digit of 3833646?
3
What is the thousands digit of 3960024?
0
What is the ten thousands digit of 647153?
4
What is the thousands digit of 13269?
3
What is the tens digit of 1013311?
1
What is the ten thousands digit of 2716555?
1
What is the tens digit of 1321509?
0
What is the hundreds digit of 18051213?
2
What is the units digit of 746453?
3
What is the thousands digit of 2755410?
5
What is the thousands digit of 3762033?
2
What is the ten thousands digit of 248531?
4
What is the thousands digit of 2344581?
4
What is the millions digit of 8041530?
8
What is the hundreds digit of 60783?
7
What is the hundreds digit of 234360?
3
What is the tens digit of 13518456?
5
What is the hundreds digit of 293815?
8
What is the ten millions digit of 12019743?
1
What is the hundreds digit of 342328?
3
What is the millions digit of 4721998?
4
What is the ten thousands digit of 621075?
2
What is the millions digit of 10877118?
0
What is the hundred thousands digit of 491132?
4
What is the units digit of 2223437?
7
What is the ten millions digit of 13820652?
1
What is the millions digit of 4776169?
4
What is the thousands digit of 782250?
2
What is the hundreds digit of 7299564?
5
What is the hundred thousands digit of 18223840?
2
What is the hundreds digit of 240378?
3
What is the ten millions digit of 22057344?
2
What is the thousands digit of 36051919?
1
What is the hundred thousands digit of 2711281?
7
What is the units digit of 8484374?
4
What is the hundreds digit of 9784481?
4
What is the thousands digit of 6036?
6
What is the thousands digit of 51097?
1
What is the units digit of 39723?
3
What is the units digit of 573303?
3
What is the thousands digit of 556251?
6
What is the tens digit of 7311664?
6
What is the ten thousands digit of 2515783?
1
What is the thousands digit of 499308?
9
What is the thousands digit of 1362612?
2
What is the millions digit of 3803882?
3
What is the hundreds digit of 26329551?
5
What is the thousands digit of 5154595?
4
What is the units digit of 677593?
3
What is the tens digit of 898559?
5
What is the hundreds digit of 329983?
9
What is the tens digit of 123419?
1
What is the hundreds digit of 18980179?
1
What is the thousands digit of 4883579?
3
What is the thousands digit of 3380488?
0
What is the thousands digit of 527644?
7
What is the hundred thousands digit of 26043883?
0
What is the hundreds digit of 1372668?
6
What is the ten millions digit of 19913121?
1
What is the units digit of 14026674?
4
What is the ten thousands digit of 10167214?
6
What is the hundred thousands digit of 168866?
1
What is the thousands digit of 322207?
2
What is the hundred thousands digit of 9059070?
0
What is the thousands digit of 2832363?
2
What is the ten millions digit of 19412538?
1
What is the units digit of 10496831?
1
What is the ten thousands digit of 5547629?
4
What is the hundred thousands digit of 4322657?
3
What is the units digit of 400226?
6
What is the tens digit of 3496793?
9
What is the hundreds digit of 215122?
1
What is the hundred thousands digit of 24239118?
2
What is the hundreds digit of 181885?
8
What is the hundreds digit of 550204?
2
What is the units digit of 2423485?
5
What is the hundred thousands digit of 3980742?
9
What is the hundreds digit of 175801?
8
What is the ten thousands digit of 14554?
1
What is the tens digit of 9256728?
2
What is the millions digit of 1112403?
1
What is the tens digit of 644276?
7
What is the units digit of 12823901?
1
What is the tens digit of 1138111?
1
What is the ten thousands digit of 2152670?
5
What is the hundred thousands digit of 522338?
5
What is the hundred thousands digit of 138156?
1
What is the millions digit of 9487140?
9
What is the units digit of 64931?
1
What is the millions digit of 1957336?
1
What is the units digit of 731912?
2
What is the tens digit of 284160?
6
What is the hundreds digit of 2494817?
8
What is the hundreds digit of 79458?
4
What is the thousands digit of 5014350?
4
What is the hundreds digit of 109981?
9
What is the hundreds digit of 31006195?
1
What is the units digit of 31900?
0
What is the thousands digit of 626083?
6
What is the tens digit of 1019035?
3
What is the ten thousands digit of 13856?
1
What is the units digit of 2983928?
8
What is the millions digit of 3877213?
3
What is the thousands digit of 1444372?
4
What is the hundred thousands digit of 115389?
1
What is the tens digit of 28763458?
5
What is the thousands digit of 54328?
4
What is the millions digit of 1112201?
1
What is the ten thousands digit of 63610?
6
What is the ten millions digit of 16869571?
1
What is the thousands digit of 24730407?
0
What is the millions 